, 61, 599
List the prime factors of 44348869.
17, 19, 137303
List the prime factors of 4051170294.
2, 3, 2803, 240883
What are the prime factors of 279521157?
3, 17, 1103, 4969
List the prime factors of 2244575964.
2, 3, 187047997
What are the prime factors of 2349578?
2, 7, 11, 19, 73
What are the prime factors of 1218844152?
2, 3, 23, 245339
List the prime factors of 344443040.
2, 5, 1061, 2029
What are the prime factors of 747218655?
3, 5, 5534953
List the prime factors of 103335212.
2, 347, 74449
List the prime factors of 64849376.
2, 761, 2663
List the prime factors of 3216678363.
3, 23, 83, 187223
List the prime factors of 62863095.
3, 5, 127, 32999
What are the prime factors of 2753795332?
2, 688448833
List the prime factors of 92140028.
2, 23035007
What are the prime factors of 171252619?
12781, 13399
What are the prime factors of 45869984?
2, 1433437
List the prime factors of 176522449.
29, 37, 164513
What are the prime factors of 549068219?
7, 59, 101, 13163
List the prime factors of 166795537.
59, 2827043
List the prime factors of 48931323.
3, 7, 29, 80347
What are the prime factors of 3534932482?
2, 19, 313, 439, 677
What are the prime factors of 126865180?
2, 5, 13, 487943
What are the prime factors of 558355721?
7, 11, 197, 36809
What are the prime factors of 402051250?
2, 5, 37, 8693
What are the prime factors of 764160153?
3, 59, 4317289
List the prime factors of 67805826.
2, 3, 11, 17, 223, 271
What are the prime factors of 127258373?
11, 1759, 6577
What are the prime factors of 3510512189?
17, 12147101
What are the prime factors of 2978256934?
2, 127, 173, 67777
List the prime factors of 336683158.
2, 7, 24048797
What are the prime factors of 3072071843?
23, 133568341
What are the prime factors of 509965170?
2, 3, 5, 11, 13, 118873
What are the prime factors of 147617251?
19, 7769329
What are the prime factors of 3079540012?
2, 23, 41, 727, 1123
List the prime factors of 9007555.
5, 317, 5683
List the prime factors of 1695828103.
47, 36081449
List the prime factors of 406407368.
2, 1459, 34819
List the prime factors of 5076858676.
2, 83, 15291743
List the prime factors of 215494646.
2, 67, 941, 1709
What are the prime factors of 308160007?
277, 331, 3361
List the prime factors of 74817765.
3, 5, 11, 17, 523
List the prime factors of 99904897.
99904897
List the prime factors of 12419357.
193, 229, 281
List the prime factors of 413630008.
2, 11, 4700341
What are the prime factors of 230705850?
2, 3, 5, 1538039
List the prime factors of 39280670.
2, 5, 11, 13, 2113
What are the prime factors of 1586005310?
2, 5, 17, 9329443
List the prime factors of 5859316769.
23, 599, 425297
What are the prime factors of 581112574?
2, 7, 67, 139, 4457
What are the prime factors of 136847893?
7, 13, 1503823
List the prime factors of 118053122.
2, 11, 337, 15923
List the prime factors of 22202336.
2, 13, 19, 53
List the prime factors of 174812495.
5, 11, 13, 244493
What are the prime factors of 2492586493?
421, 5920633
What are the prime factors of 78636999?
3, 7, 3744619
List the prime factors of 313845474.
2, 3, 673, 77723
List the prime factors of 382865502.
2, 3, 63810917
What are the prime factors of 292715096?
2, 29, 139, 313
List the prime factors of 4505512032.
2, 3, 7, 744959
List the prime factors of 1282308105.
3, 5, 13, 191, 34429
List the prime factors of 1509034203.
3, 3803, 44089
List the prime factors of 71761274.
2, 13, 2760049
List the prime factors of 245218314.
2, 3, 11, 37, 100417
List the prime factors of 112940325.
3, 5, 6197
List the prime factors of 232397757.
3, 43, 463, 1297
List the prime factors of 1106659453.
1106659453
What are the prime factors of 54972188?
2, 59, 109, 2137
List the prime factors of 1845457041.
3, 615152347
List the prime factors of 121997890.
2, 5, 7, 593, 2939
List the prime factors of 450374317.
59, 139, 54917
What are the prime factors of 4767686589?
3, 1589228863
List the prime factors of 3917809606.
2, 1958904803
List the prime factors of 490648978.
2, 347, 706987
What are the prime factors of 167692466?
2, 83846233
What are the prime factors of 195182515?
5, 11, 3548773
List the prime factors of 6532644.
2, 3, 23, 23669
What are the prime factors of 423731383?
29, 67, 218081
List the prime factors of 924338.
2, 601, 769
List the prime factors of 75925137.
3, 67, 377737
What are the prime factors of 72795153?
3, 24265051
List the prime factors of 3012226297.
59, 51054683
List the prime factors of 5080861.
23, 220907
What are the prime factors of 17044106?
2, 947, 8999
List the prime factors of 960146240.
2, 5, 89, 33713
List the prime factors of 582440.
2, 5, 14561
What are the prime factors of 38207445?
3, 5, 1151, 2213
What are the prime factors of 7482908?
2, 1087, 1721
List the prime factors of 372367864.
2, 11, 17, 248909
What are the prime factors of 246159085?
5, 4271, 11527
List the prime factors of 55541460.
2, 3, 5, 13, 31, 2297
What are the prime factors of 25281521?
509, 49669
List the prime factors of 65654519.
7, 19, 493643
List the prime factors of 252552168.
2, 3, 11, 3221
List the prime factors of 4114200971.
29, 97, 1462567
What are the prime factors of 84394026?
2, 3, 4688557
List the prime factors of 40520542.
2, 20260271
What are the prime factors of 482021050?
2, 5, 7, 131, 10513
What are the prime factors of 322676155?
5, 107, 603133
List the prime factors of 1092473294.
2, 11, 31, 1601867
List the prime factors of 50711423.
7, 37, 83, 337
What are the prime factors of 63601163?
5857, 10859
What are the prime factors of 168026847?
3, 56008949
What are the prime factors of 22663394?
2, 13, 139, 6271
What are the prime factors of 191869377?
3, 7, 9136637
List the prime factors of 236309464.
2, 29538683
What are the prime factors of 3174388?
2, 7, 113371
What are the prime factors of 113312708?
2, 101, 2777
List the prime factors of 282449032.
2, 61, 578789
What are the prime factors of 332553809?
7, 491, 96757
List the prime factors of 16941810.
2, 3, 5, 31, 18217
What are the prime factors of 2338432821?
3, 619, 46639
List the prime factors of 120142902.
2, 3, 11, 1820347
List the prime factors of 244234879.
7, 34890697
List the prime factors of 2257554644.
2, 17, 3343, 9931
List the prime factors of 24723838.
2, 179, 69061
List the prime factors of 886731047.
886731047
What are the prime factors of 1940335008?
2, 3, 67, 301669
What are the prime factors of 42841571?
23, 439, 4243
List the prime factors of 85545196.
2, 11, 73, 26633
List the prime factors of 352962938.
2, 176481469
What are the prime factors of 3486992900?
2, 5, 103, 338543
What are the prime factors of 4006043?
307, 13049
List the prime factors of 1142432328.
2, 3, 103, 462149
What are the prime factors of 75469304?
2, 167, 56489
What are the prime factors of 2389381538?
2, 1194690769
What are the prime factors of 3297416060?
2, 5, 31, 97, 54829
List the prime factors of 43732144.
2, 2733259
What are the prime factors of 81553656?
2, 3, 271, 12539
What are the prime factors of 64251549?
3, 793229
What are the prime factors of 798272712?
2, 3, 1433, 2579
List the prime factors of 88067597.
1297, 67901
What are the prime factors of 2601828112?
2, 13, 12508789
List the prime factors of 865481382.
2, 3, 41, 43, 9091
What are the prime factors of 224514172?
2, 17, 29, 257, 443
What are the prime factors of 2472111940?
2, 5, 123605597
List the prime factors of 70736968.
2, 127, 69623
What are the prime factors of 889064222?
2, 444532111
List the prime factors of 25577693.
37, 691289
List the prime factors of 93327552.
2, 3, 17, 353
List the prime factors of 1154770642.
2, 577385321
List the prime factors of 963507432.
2, 3, 40146143
List the prime factors of 847551700.
2, 5, 251, 33767
What are the prime factors of 161273151?
3, 13, 106031
List the prime factors of 31669432.
2, 107, 36997
What are the prime factors of 1590337245?
3, 5, 7, 15146069
List the prime factors of 12130737.
3, 953, 4243
What are the prime factors of 2895158691?
3, 2161, 148859
List the prime factors of 137277535.
5, 27455507
List the prime factors of 181710503.
13, 107, 130633
What are the prime factors of 727381940?
2, 5, 19, 1914163
What are the prime factors of 111418488?
2, 3, 1547479
List the prime factors of 2013216647.
1